{"id":465,"date":"2023-04-28T03:01:59","date_gmt":"2023-04-28T01:01:59","guid":{"rendered":"http:\/\/www.numlock.edu.pl\/amazonia\/?page_id=465"},"modified":"2023-04-28T12:58:12","modified_gmt":"2023-04-28T10:58:12","slug":"napisz-prace-dyplomowa-w-microsoft-word-strona","status":"publish","type":"page","link":"http:\/\/www.numlock.edu.pl\/amazonia\/index.php\/napisz-prace-dyplomowa-w-microsoft-word-strona\/","title":{"rendered":"Napisz prac\u0119 dyplomow\u0105 w Microsoft Word"},"content":{"rendered":"<div class=\"wp-block-image\">\n<figure class=\"alignleft size-large is-resized\"><img decoding=\"async\" loading=\"lazy\" src=\"http:\/\/www.numlock.edu.pl\/amazonia\/wp-content\/uploads\/2023\/04\/image-8-751x1024.png\" alt=\"\" class=\"wp-image-466\" width=\"222\" height=\"302\" srcset=\"http:\/\/www.numlock.edu.pl\/amazonia\/wp-content\/uploads\/2023\/04\/image-8-751x1024.png 751w, http:\/\/www.numlock.edu.pl\/amazonia\/wp-content\/uploads\/2023\/04\/image-8-220x300.png 220w, http:\/\/www.numlock.edu.pl\/amazonia\/wp-content\/uploads\/2023\/04\/image-8-768x1047.png 768w, http:\/\/www.numlock.edu.pl\/amazonia\/wp-content\/uploads\/2023\/04\/image-8.png 898w\" sizes=\"(max-width: 222px) 100vw, 222px\" \/><\/figure><\/div>\n\n\n<p>Pawe\u0142 Wimmer, <strong>Napisz prac\u0119 dyplomow\u0105 w Microsoft Word<\/strong>, Wyd. I, Warszawa 2023, 172 str.<\/p>\n\n\n\n<p><a href=\"https:\/\/www.amazon.pl\/dp\/8393205964?ref_=cm_sw_r_cp_ud_dp_6WZSZV9E6Q8WDN3M5HFV\" target=\"_blank\" rel=\"noreferrer noopener\">Adres w Amazon.pl<\/a><\/p>\n\n\n\n<p>Setki tysi\u0119cy uczni\u00f3w, student\u00f3w i naukowc\u00f3w pisz\u0105 prace okresowe, dyplomowe, magisterskie, doktorskie, habilitacyjne czy wreszcie prace naukowe w postaci artyku\u0142\u00f3w czy ksi\u0105\u017cek. Prace takie nie tylko musz\u0105 zawiera\u0107 tekst podlegaj\u0105cy krytycznej ocenie czytelnik\u00f3w, nauczycieli i recenzent\u00f3w, ale i powinny by\u0107 poprawne technicznie.<\/p>\n\n\n\n<p>Zanim pojawi\u0142y si\u0119 komputery i zaawansowane procesory tekst\u00f3w, napisanie pracy naukowej czy dyplomowej wi\u0105za\u0142o si\u0119 z wielokrotnym poprawianiem i przepisywaniem tekstu. By\u0142o to szczeg\u00f3lnie doskwieraj\u0105ce, gdy w pracy stosowany by\u0142 szeroko tzw. aparat naukowy i elementy organizacyjne, czyli r\u00f3\u017cnego rodzaju spisy i indeksy, stopki i nag\u0142\u00f3wki, odsy\u0142acze, bibliografie itd. Poprawne umieszczenie takich element\u00f3w i ich opatrzenie numerami stron graniczy\u0142o w zasadzie z cudem.<\/p>\n\n\n\n<p>Dzisiaj mamy do dyspozycji kilka doskona\u0142ych procesor\u00f3w tekstu, jak cho\u0107by Microsoft Word czy LibreOffice Writer, kt\u00f3re zdejmuj\u0105 u\u017cytkownikowi z g\u0142owy wiele problem\u00f3w, a pisanie pracy czyni\u0105 zaj\u0119ciem nieomal lekkim, \u0142atwym i przyjemnym, je\u015bli pomin\u0105\u0107 oczywi\u015bcie kwesti\u0119 merytorycznego opracowania tekstu. Osoby pisz\u0105ce teksty techniczne korzystaj\u0105 nierzadko z systemu LaTeX.<\/p>\n\n\n\n<p>Podr\u0119cznik opisuje szereg technik umo\u017cliwiaj\u0105cych tworzenie, za pomoc\u0105 edytora Word 365 (w du\u017cej mierze wiadomo\u015bci odnosz\u0105 si\u0119 tak\u017ce do wcze\u015bniejszych wersji Worda), aparatu naukowego, niezb\u0119dnego w ka\u017cdej pracy aspiruj\u0105cej do miana naukowej czy dyplomowej. Poradnik pokazuje w praktyczny i przyst\u0119pny spos\u00f3b, jaka jest istota tych element\u00f3w i jak si\u0119 nimi pos\u0142ugiwa\u0107, aby praca by\u0142a no\u015bna informacyjnie i przejrzysta, aby nie zawiera\u0142a nieaktualnych odwo\u0142a\u0144 \u2013 jednym s\u0142owem, aby poprawnie spe\u0142nia\u0142a swoje zadanie. Wspania\u0142ych narz\u0119dzi, jakimi dysponujemy w dobie wszechobecnych komputer\u00f3w, mog\u0105 nam jedynie pozazdro\u015bci\u0107 te pokolenia uczonych, \u017cak\u00f3w i biuralist\u00f3w, kt\u00f3re pos\u0142ugiwa\u0142y si\u0119 maszynami do pisania, przepisuj\u0105c w niesko\u0144czono\u015b\u0107 nanoszone poprawki.<\/p>\n\n\n\n<p>Pami\u0119taj, \u017ce ucze\u0144 powinien zna\u0107 przynajmniej podstawowe techniki pisania pracy, student wi\u0119kszo\u015b\u0107 z nich, a naukowiec wr\u0119cz wszystkie. Wykszta\u0142conemu cz\u0142owiekowi ta umiej\u0119tno\u015b\u0107 b\u0119dzie si\u0119 niejednokrotnie przydawa\u0107 w trakcie pracy zawodowej \u2013 to sprawno\u015b\u0107 cywilizacyjna.<\/p>\n\n\n\n<p>Do ksi\u0105\u017cki do\u0142\u0105czony zosta\u0142 dodatek o tabelach. To bardzo wa\u017cny element techniczny du\u017cych dokument\u00f3w, st\u0105d postanowili\u015bmy zaprezentowa\u0107 zbi\u00f3r rozwi\u0105za\u0144 dla konkretnych problem\u00f3w, o poradnikowym charakterze.<\/p>\n\n\n\n<p><strong><a href=\"http:\/\/www.numlock.edu.pl\/amazonia\/index.php\/napisz-prace-dyplomowa-w-microsoft-word-pdf\/\" data-type=\"page\" data-id=\"475\">Pliki PDF z fragmentami zawarto\u015bci<\/a><\/strong><\/p>\n","protected":false},"excerpt":{"rendered":"<p>Pawe\u0142 Wimmer, Napisz prac\u0119 dyplomow\u0105 w Microsoft Word, Wyd. I, Warszawa 2023, 172 str. Adres w Amazon.pl Setki tysi\u0119cy uczni\u00f3w, student\u00f3w i naukowc\u00f3w pisz\u0105 prace okresowe, dyplomowe, magisterskie, doktorskie, habilitacyjne czy wreszcie prace naukowe w postaci artyku\u0142\u00f3w czy ksi\u0105\u017cek. Prace takie nie tylko musz\u0105 zawiera\u0107 tekst podlegaj\u0105cy krytycznej ocenie czytelnik\u00f3w, nauczycieli i recenzent\u00f3w, ale i powinny by\u0107 poprawne technicznie. Zanim pojawi\u0142y si\u0119 komputery i zaawansowane procesory tekst\u00f3w, napisanie pracy naukowej czy dyplomowej wi\u0105za\u0142o si\u0119 z wielokrotnym poprawianiem i przepisywaniem tekstu. By\u0142o to szczeg\u00f3lnie doskwieraj\u0105ce, gdy w pracy stosowany by\u0142 szeroko tzw. aparat naukowy i elementy organizacyjne, czyli r\u00f3\u017cnego rodzaju spisy i indeksy, stopki i nag\u0142\u00f3wki, odsy\u0142acze, bibliografie itd. Poprawne umieszczenie takich element\u00f3w i ich opatrzenie numerami stron graniczy\u0142o w zasadzie z cudem. Dzisiaj mamy do dyspozycji kilka doskona\u0142ych procesor\u00f3w tekstu, jak cho\u0107by Microsoft Word czy LibreOffice Writer, kt\u00f3re zdejmuj\u0105 u\u017cytkownikowi z g\u0142owy wiele problem\u00f3w, a pisanie pracy czyni\u0105 zaj\u0119ciem nieomal lekkim, \u0142atwym i przyjemnym, je\u015bli pomin\u0105\u0107 oczywi\u015bcie kwesti\u0119 merytorycznego opracowania tekstu. Osoby pisz\u0105ce teksty techniczne korzystaj\u0105 nierzadko z systemu LaTeX. Podr\u0119cznik opisuje szereg technik umo\u017cliwiaj\u0105cych tworzenie, za pomoc\u0105 edytora Word 365 (w du\u017cej mierze wiadomo\u015bci odnosz\u0105 si\u0119 tak\u017ce do wcze\u015bniejszych wersji Worda), aparatu naukowego, niezb\u0119dnego w ka\u017cdej pracy aspiruj\u0105cej do miana naukowej czy dyplomowej. Poradnik pokazuje w praktyczny i przyst\u0119pny spos\u00f3b, jaka jest istota tych element\u00f3w i jak si\u0119 nimi pos\u0142ugiwa\u0107, aby praca by\u0142a no\u015bna informacyjnie i przejrzysta, aby nie zawiera\u0142a nieaktualnych odwo\u0142a\u0144 \u2013 jednym s\u0142owem, aby poprawnie spe\u0142nia\u0142a swoje zadanie. Wspania\u0142ych narz\u0119dzi, jakimi dysponujemy w dobie wszechobecnych komputer\u00f3w, mog\u0105 nam jedynie pozazdro\u015bci\u0107 te pokolenia uczonych, \u017cak\u00f3w i biuralist\u00f3w, kt\u00f3re pos\u0142ugiwa\u0142y si\u0119 maszynami do pisania, przepisuj\u0105c w niesko\u0144czono\u015b\u0107 nanoszone poprawki. Pami\u0119taj, \u017ce ucze\u0144 powinien zna\u0107 przynajmniej podstawowe techniki pisania pracy, student wi\u0119kszo\u015b\u0107 z nich, a naukowiec wr\u0119cz wszystkie. Wykszta\u0142conemu cz\u0142owiekowi ta umiej\u0119tno\u015b\u0107 b\u0119dzie si\u0119 niejednokrotnie przydawa\u0107 w trakcie pracy zawodowej \u2013 to sprawno\u015b\u0107 cywilizacyjna. Do ksi\u0105\u017cki do\u0142\u0105czony zosta\u0142 dodatek o tabelach. To bardzo wa\u017cny element techniczny du\u017cych dokument\u00f3w, st\u0105d postanowili\u015bmy zaprezentowa\u0107 zbi\u00f3r rozwi\u0105za\u0144 dla konkretnych problem\u00f3w, o poradnikowym charakterze. Pliki PDF z fragmentami zawarto\u015bci<\/p>\n","protected":false},"author":3,"featured_media":0,"parent":0,"menu_order":0,"comment_status":"closed","ping_status":"closed","template":"","meta":[],"_links":{"self":[{"href":"http:\/\/www.numlock.edu.pl\/amazonia\/index.php\/wp-json\/wp\/v2\/pages\/465"}],"collection":[{"href":"http:\/\/www.numlock.edu.pl\/amazonia\/index.php\/wp-json\/wp\/v2\/pages"}],"about":[{"href":"http:\/\/www.numlock.edu.pl\/amazonia\/index.php\/wp-json\/wp\/v2\/types\/page"}],"author":[{"embeddable":true,"href":"http:\/\/www.numlock.edu.pl\/amazonia\/index.php\/wp-json\/wp\/v2\/users\/3"}],"replies":[{"embeddable":true,"href":"http:\/\/www.numlock.edu.pl\/amazonia\/index.php\/wp-json\/wp\/v2\/comments?post=465"}],"version-history":[{"count":4,"href":"http:\/\/www.numlock.edu.pl\/amazonia\/index.php\/wp-json\/wp\/v2\/pages\/465\/revisions"}],"predecessor-version":[{"id":483,"href":"http:\/\/www.numlock.edu.pl\/amazonia\/index.php\/wp-json\/wp\/v2\/pages\/465\/revisions\/483"}],"wp:attachment":[{"href":"http:\/\/www.numlock.edu.pl\/amazonia\/index.php\/wp-json\/wp\/v2\/media?parent=465"}],"curies":[{"name":"wp","href":"https:\/\/api.w.org\/{rel}","templated":true}]}}