{"id":2,"date":"2018-04-24T14:16:40","date_gmt":"2018-04-24T14:16:40","guid":{"rendered":"http:\/\/www.numlock.edu.pl\/blog\/?page_id=2"},"modified":"2018-07-21T08:00:43","modified_gmt":"2018-07-21T06:00:43","slug":"about","status":"publish","type":"page","link":"http:\/\/www.numlock.edu.pl\/blog\/about\/","title":{"rendered":"O blogu"},"content":{"rendered":"<p>Ods\u0142ony: 225<\/p><p>Blog &#8220;Edukacja komputerowa&#8221; s\u0142u\u017cy po prostu upowszechnianiu wiedzy o dobrych narz\u0119dziach komputerowych, ale przy okazji tak\u017ce promocji publikacji ksi\u0105\u017ckowych autora i poszerzaniu ich zawarto\u015bci o materia\u0142y elektroniczne. Zawiera materia\u0142y pomocnicze (towarzysz\u0105ce publikacjom i samodzielne), a wi\u0119c porady komputerowe, filmy (screencasty) ilustruj\u0105ce rozmaite techniki, W perspektywie przewidywana jest tak\u017ce rozwijana sukcesywnie baza poj\u0119\u0107 &#8211; szkolny leksykon komputerowy.<\/p>\n<p>&nbsp;<\/p>\n","protected":false},"excerpt":{"rendered":"<p>Ods\u0142ony: 225Blog &#8220;Edukacja komputerowa&#8221; s\u0142u\u017cy po prostu upowszechnianiu wiedzy o dobrych narz\u0119dziach komputerowych, ale przy okazji tak\u017ce promocji publikacji ksi\u0105\u017ckowych autora i poszerzaniu ich zawarto\u015bci o materia\u0142y elektroniczne. Zawiera materia\u0142y pomocnicze (towarzysz\u0105ce publikacjom i samodzielne), a wi\u0119c porady komputerowe, filmy (screencasty) ilustruj\u0105ce rozmaite techniki, W perspektywie przewidywana jest tak\u017ce rozwijana &hellip;<\/p>\n","protected":false},"author":1,"featured_media":0,"parent":0,"menu_order":0,"comment_status":"closed","ping_status":"closed","template":"","meta":[],"_links":{"self":[{"href":"http:\/\/www.numlock.edu.pl\/blog\/wp-json\/wp\/v2\/pages\/2"}],"collection":[{"href":"http:\/\/www.numlock.edu.pl\/blog\/wp-json\/wp\/v2\/pages"}],"about":[{"href":"http:\/\/www.numlock.edu.pl\/blog\/wp-json\/wp\/v2\/types\/page"}],"author":[{"embeddable":true,"href":"http:\/\/www.numlock.edu.pl\/blog\/wp-json\/wp\/v2\/users\/1"}],"replies":[{"embeddable":true,"href":"http:\/\/www.numlock.edu.pl\/blog\/wp-json\/wp\/v2\/comments?post=2"}],"version-history":[{"count":7,"href":"http:\/\/www.numlock.edu.pl\/blog\/wp-json\/wp\/v2\/pages\/2\/revisions"}],"predecessor-version":[{"id":15063,"href":"http:\/\/www.numlock.edu.pl\/blog\/wp-json\/wp\/v2\/pages\/2\/revisions\/15063"}],"wp:attachment":[{"href":"http:\/\/www.numlock.edu.pl\/blog\/wp-json\/wp\/v2\/media?parent=2"}],"curies":[{"name":"wp","href":"https:\/\/api.w.org\/{rel}","templated":true}]}}